e the prime factors of k?
31
Let k = 9 + -6. Suppose 28*j = 39*j + 66. What are the prime factors of (-4 + k - j)/1?
5
Let v = -1098 + 2257. What are the prime factors of v?
19, 61
Suppose -12*x - 1923 = -15*x. What are the prime factors of x?
641
Suppose b + 4 = 0, 2*b + 663 = -7*y + 8*y. What are the prime factors of y?
5, 131
Suppose -h - 5010 = -6*h. What are the prime factors of h?
2, 3, 167
Suppose 9*p + 145 = 7048. What are the prime factors of p?
13, 59
Let m be 6/9 + 344/(-12). Let v = -24 - m. List the prime factors of 0 + v + (4 - 2).
2, 3
Let m(x) = -3*x**3 - 2*x - 4. Let w(z) = -z**3 + 4*z**2 + 4*z + 2. Let o be w(5). Let p be m(o). Suppose 5 = 4*f - p. What are the prime factors of f?
2, 11
Suppose 3*j - 51 = -0*j. Suppose -j = 5*r + 28. What are the prime factors of (-87)/r - 1/(-3)?
2, 5
Let o = 1322 + 1463. What are the prime factors of o?
5, 557
List the prime factors of (-322938)/33*(-1)/3.
2, 7, 233
Suppose k - 134 = -3*d - 27, -5*d + k = -189. List the prime factors of d.
37
Let r = -72 + 129. Let y = r + -36. What are the prime factors of y?
3, 7
Let i be 1/2 + 35/10. Suppose i*v = 7*v - 123. List the prime factors of v.
41
Let x(l) = -l**3 + l**2. Let z(p) = 2*p**3 + 7*p**2 - 10*p + 4. Let i(w) = 3*x(w) + z(w). What are the prime factors of i(8)?
2, 13
Suppose 0*s = -5*s + 10. Suppose -3*q - 10 = 2*q + 4*g, 2*q = s*g - 4. List the prime factors of (6/9)/(q/(-57)).
19
List the prime factors of 7/(-2)*(-577 + 83).
7, 13, 19
Suppose 31 + 3 = -2*q. Let r(c) = c**2 + 18*c + 24. List the prime factors of r(q).
7
Let d be -8*(-4 - 3/(-4)). Let c = d + -21. Suppose -c*b + 2*b - 2*x = -80, 0 = -2*b - 4*x + 56. What are the prime factors of b?
2, 13
Let p(o) = -23 - 25*o + o**2 + o**2 + 3 + 46*o. List the prime factors of p(-16).
2, 3, 13
Let k be 12/5 + 51/85. Let o = 42 + k. List the prime factors of o.
3, 5
Suppose 9093 = 3*o + 3*a, a + 4*a - 3011 = -o. List the prime factors of o.
2, 3, 11, 23
Let v(g) = g**2 - 4*g - 3. Let w(a) = 5*a**2 - 17*a - 11. Let u(h) = -9*v(h) + 2*w(h). What are the prime factors of u(-9)?
2, 17
Let p(r) be the third derivative of 11*r**5/60 + 17*r**4/24 + r**3/3 + 29*r**2. List the prime factors of p(4).
2, 3, 41
Suppose 4*m = 2*l - 0*l + 14, -l + 3 = 3*m. Let x be 3/m*(3 + -5). What are the prime factors of (0 - -2)*(-9)/x?
2, 3
Suppose 0 = -4*l + r + 16, 0 = -l - 0*r + r + 4. Suppose l*c + 2*c - 12 = 0. What are the prime factors of (c - 0) + 2 + 44?
2, 3
Let t be 2433/15 + 40/50. Let m = t + -86. List the prime factors of m.
7, 11
Let t(h) = -13*h + 57. List the prime factors of t(-41).
2, 5, 59
Let y(n) = n - 4. Let u be y(13). Let w = u + -5. Suppose -w*j + 41 = -l, 0*j = 4*j - 2*l - 46. List the prime factors of j.
3
Let h = 279 + 27. Suppose -6*s = -4*j - s + 286, -h = -4*j - 5*s. What are the prime factors of j?
2, 37
Let t(i) be the third derivative of -i**4/4 + 4*i**3 - 21*i**2. List the prime factors of t(-14).
2, 3
Let y(o) = -6*o - 11. Suppose -2*s - 4 - 10 = 0. List the prime factors of y(s).
31
Let l(h) = -117*h + 280. What are the prime factors of l(-19)?
2503
Let a(y) = y**3 + 7*y**2 + 5*y + 3. Let x be a(-6). Suppose -l - 2*n - x = 2*l, n + 15 = -5*l. Let w = l - -9. What are the prime factors of w?
2, 3
Let m = 706 - -226. List the prime factors of m.
2, 233
Let y(o) = 8*o**2 - 12*o + 4. Let p be y(-5). Let g = -155 + p. What are the prime factors of g?
109
Let d = 187 - -1374. List the prime factors of d.
7, 223
Let s(u) = 115*u**2 - 12*u + 17. What are the prime factors of s(2)?
3, 151
Suppose -2*m = -2*c - 4566, -21*c - 9132 = -4*m - 18*c. What are the prime factors of m?
3, 761
Let q(k) = -k**3 - 8*k**2 - 2*k + 80. What are the prime factors of q(-15)?
5, 337
Let d(x) = 10*x**2 + 8*x - 44. List the prime factors of d(-9).
2, 347
Suppose -5800 = -5*k - 5*h, -4*k = -20*h + 17*h - 4647. What are the prime factors of k?
3, 43
Let r = -580 - -823. Suppose -2*o - 798 = -4*k, -2*k - 4*o = -131 - r. What are the prime factors of k?
197
Let l be (-6)/10*5/(-1). Let g be 1*(3 - -76) + l. Let h = -33 + g. What are the prime factors of h?
7
List the prime factors of 20874/45 + (6 - (-528)/(-90)).
2, 29
Suppose -4*x + 9*x = o + 30055, o = -2*x + 12015. List the prime factors of x.
2, 5, 601
Suppose 30 + 15 = 5*z + 2*n, 9 = z + 3*n. Suppose -2*f + z = f. Suppose -f*r = -0*r - 42. What are the prime factors of r?
2, 7
Let c be (-1 - -1 - 1) + -53. Suppose -3*f + 83 = -2*f - 5*q, 0 = -5*f - 3*q + 387. Let n = c + f. List the prime factors of n.
2, 3
Suppose 9*b - 14*b - 3300 = -3*i, -2*b - 5481 = -5*i. What are the prime factors of i?
3, 5, 73
Suppose 8*d - 45 = -13. Suppose -s + 800 = 3*s + d*g, -2*s = -4*g - 406. List the prime factors of s.
3, 67
Let r(p) be the second derivative of -p**4/12 + p**3/3 + 31*p**2/2 - 2*p. Let n(g) = -g**2 - g + 6. Let h be n(2). What are the prime factors of r(h)?
31
Let k be 6/(-12) - (-9)/6. Let n(i) = -2*i + 2. Let l be n(k). Suppose -v + 106 = 3*t, 5*v - 2 + 12 = l. List the prime factors of t.
2, 3
Let x(l) = -l**3 - 5*l**2 - 17*l + 2. Suppose 9*y + 25 = 4*y. What are the prime factors of x(y)?
3, 29
Let o be ((-12)/10)/(8/((-1040)/3)). Let m = o - 35. What are the prime factors of m?
17
Let l be (-230)/(-2) - 0/(-15). Suppose m - 4*r = 87, l = m - r + 4*r. What are the prime factors of m?
103
Suppose -p - 519 = -5*h, -2*p = -5*h + 2*p + 516. Suppose 3*q - 5*r = 67, -q + 3*r + h = 3*q. Let m = 82 - q. What are the prime factors of m?
53
Let n(t) = 5*t - 4. Let w be n(6). Let i(z) = 3*z + 22. Let q be i(-9). Let j = q + w. List the prime factors of j.
3, 7
Let o(c) = -c + 5. Let g be o(3). Let z(w) be the first derivative of 5*w**2/2 + 4*w - 1. What are the prime factors of z(g)?
2, 7
Let v = -2 - -2. Let y be 1/(-4) - 21/(-4). Suppose -y*r + v*j = 4*j - 131, -3*r + 85 = 4*j. List the prime factors of r.
23
Let k = 1 - 1. Suppose 4*h - 5*n = -3*n + 660, -4*h + 4*n + 652 = k. What are the prime factors of h?
167
Suppose 65*d - 1795 = 70*d. Let w = -228 - d. What are the prime factors of w?
131
Let n = -97 - -173. Let k be n/4*(-4 - -9). Suppose 3*u - 4*c - 25 = 0, 5*u - 2*c - k = -6*c. What are the prime factors of u?
3, 5
Suppose -4*z = -n + 2550 + 190, 5*n + 3*z - 13746 = 0. What are the prime factors of n?
2, 3, 229
Suppose 0 = -43*j + 187895 + 4272. List the prime factors of j.
41, 109
Suppose 0 = -2*i - q - 2101, -3 = 4*q - 15. Suppose -o + 0 = -2*c - 25, -5*c - 30 = 4*o. What are the prime factors of c/(-25) - i/20?
53
Let o be 6 + (-1 - -2) + -4. Suppose -7*j + 6*j + o = 0. Suppose 4*g + 42 = 3*y, 2*g + j*g = 0. What are the prime factors of y?
2, 7
Suppose 3*v - 339 = -3*w, w - 2*w = 3*v - 335. What are the prime factors of v?
3, 37
List the prime factors of ((-3)/3)/((-3)/1287*1).
3, 11, 13
Suppose -5*z + 14 = 54. What are the prime factors of (6 + -2)*(-106)/z?
53
Let q = -1229 + 1863. List the prime factors of q.
2, 317
Let d(n) = 8*n**3 + n**2 - 6*n + 8. Let i(y) = 17*y**3 + 2*y**2 - 13*y + 17. Let l(u) = -9*d(u) + 4*i(u). List the prime factors of l(-3).
89
Let w be 0*(3 - (-4 + 8)). List the prime factors of 78 + (-2 - w - -4).
2, 5
Let k be 10/5 + -2 - 0. Suppose -3*w - 5*f + 19 = k, -w + 34 - 5 = -4*f. What are the prime factors of w?
13
Suppose -3*z + 2*w = -z - 748, 5*z + 2*w - 1863 = 0. Let v = z - 242. List the prime factors of v.
131
Let l = 330 - 122. List the prime factors of l.
2, 13
Let u(z) = -3*z - 7. Let r(x) = -20*x - 2. Let o be r(1). What are the prime factors of u(o)?
59
Let w(v) = 113*v + 202. List the prime factors of w(18).
2, 13, 43
Let m(d) = d**3 + d**2 + 2*d + 20. List the prime factors of m(0).
2, 5
Let c(p) = p**3 - 4*p**2 - 2. Let s be c(5). Let v = 127 - s. Suppose 7*q = 3*q + v. What are the prime factors of q?
2, 13
Let s(c) = -c**3 - 24*c**2 - 24*c - 27. Let x be s(-23). Let a(d) = 7*d**2 - 3*d - 2. List the prime factors of a(x).
2, 61
Suppose -285 = 3*t - 6*t + 5*w, 0 = -2*t + 4*w + 192. List the prime factors of t.
2, 3, 5
Let l be (1 - (-6 + 4)) + -7. What are the prime factors of 5 + -2 + 22 - l?
29
Suppose -2*h - 94 = -6*j + 3*j, 5*h + 81 = 2*j. List the prime factors of (-1149)/(-12) + (-21)/j.
5, 19
Let r = -26 - -26. Suppose 2*b = -3*a + 320, -5*b + r*a + 809 = 3*a. Suppose -b = -3*g + 32. List the